 be (0 + 1)/((-3)/(-15)). Let k be g(s). Is (-65)/(k + -3 + 2) prime?
False
Suppose -10 = -5*u, 4*m + m - 365 = -5*u. Let k be 0 - 3 - -1 - 4. Let q = k + m. Is q prime?
False
Suppose 4*f - 3*c - 78 = 0, 0 = f + 2*f + 3*c - 48. Let m = -13 + f. Suppose -m*a = -101 - 234. Is a a prime number?
True
Suppose 0 = -5*o + 9*o - 16. Suppose 4*h + 2*q = 164 + 152, 0 = o*h + 5*q - 316. Is h a composite number?
False
Suppose -2*h - 7 + 117 = 2*r, 5*r + 96 = 2*h. Let u = 14 + h. Is u composite?
False
Suppose 0 = -3*u - 4*l + 6, -6*u + 8 = -2*u + 3*l. Let m be 44/u + (-1 - -3). Let h = m + -17. Is h composite?
False
Let t = -11 + 102. Is t composite?
True
Suppose -10 = -0*b - 5*b. Is ((-2)/b)/(7/(-49)) prime?
True
Suppose -f + 2 - 3 = 0. Is 1*f/1 + 14 prime?
True
Let x be ((-47)/(-4))/(2/(-8)). Suppose -4*w = 7*j - 8*j + 88, 2*j = 4*w + 184. Let r = j + x. Is r composite?
True
Suppose 0 = n + 3*u - 1, -u - 27 + 4 = -2*n. Suppose -a - z + n = 0, a - 4*z + 17 = 2. Let m = a - -26. Is m a composite number?
False
Let s = -2938 - -4377. Is s a prime number?
True
Suppose 2*n - 303 - 464 = 3*z, -z = 2*n - 787. Suppose 5*a + 4*v = 958, 2*a = -0*a + v + n. Is a composite?
True
Suppose -i - 2*i - 3 = 0. Let g be 18/1*(0 + i). Is 26/6 - (-6)/g a composite number?
True
Let w be (-1)/(-3) + 382/6. Suppose -915 = -2*z - 3*z. Let b = z - w. Is b a composite number?
True
Suppose -l + t = 4*t - 3, -4*l - 3*t = -21. Suppose -2*z + 20 = -l. Is z a composite number?
False
Suppose -4*w + 15 = w. Suppose 406 + 158 = w*j. Suppose 3*b - k - 141 = 0, -4*b + 0*b + j = -3*k. Is b prime?
True
Suppose -203 = -4*z + 689. Is z composite?
False
Suppose -2*q + 997 = q + t, 2*q + t = 666. Is q a prime number?
True
Let q be (23/2)/(1/6). Let u(s) = s**2 + 4*s - 3. Let l be u(-11). Let r = q + l. Is r composite?
True
Let z = 66 - 34. Let q be (1 - 2 - -2) + z. Suppose 4*h + q - 597 = 0. Is h prime?
False
Is 4/(-3) + 1 - 25472/(-24) a composite number?
False
Suppose -4*u + 246 = -1918. Is u prime?
True
Let j(l) = 1257*l - 7. Is j(2) a composite number?
True
Let t(a) = 10*a**2 + 25*a - 10. Let b(c) = -3*c**2 - 8*c + 3. Let d(u) = -7*b(u) - 2*t(u). Let z be d(-7). Suppose 229 = 5*w - z. Is w a composite number?
False
Let i(y) = 69*y + 9. Let g(k) = -138*k - 17. Let u(a) = 4*g(a) + 7*i(a). Is u(-8) composite?
False
Suppose -5*m - 32 + 82 = 0. Is 934/m - (-22)/(-55) composite?
True
Suppose 7*x = 1502 - 487. Is x a prime number?
False
Suppose 0*o - o = -5. Suppose -o*p + 844 = -p. Is p a prime number?
True
Let y = 114 - 59. Is y a prime number?
False
Suppose 3324 = 4*t - t. Let i = t + -637. Is 4/(-14) + i/7 a prime number?
True
Is (1 - -698) + (-11 - -13) a composite number?
False
Let h(k) = -k**2 - 7*k - 1. Let l be h(-6). Suppose 5*v + 75 = 2*m, 3*m + 48 = l*m + 4*v. Suppose -m + 215 = 5*o. Is o composite?
False
Suppose 8 + 10 = -2*g. Let k = 24 + g. Suppose k = x - 0*x. Is x prime?
False
Let u = -761 - -1108. Is u a composite number?
False
Let x = 8 + -10. Is x/2*(-88 + 5) composite?
False
Let v = -130 + 257. Is v a composite number?
False
Is 2 + -3 + 26 - 3 a composite number?
True
Suppose 2*t = 7*t - 8710. Is 5/15 - t/(-3) prime?
False
Let l = 0 - 0. Let u be 1 - (-3)/((-6)/2). Suppose 2*v + u*v - 38 = l. Is v a prime number?
True
Let t(q) = -q + 1. Let v be t(-4). Suppose -320 = -4*k - z - 0*z, v*k - 4*z = 379. Is k composite?
False
Suppose -2*x + 62 = o + o, o = 2*x + 34. Let k = -22 + o. Is k/(-15) + 113/3 composite?
False
Let q(f) = 61*f - 18. Is q(7) a prime number?
True
Suppose a = 2*a + 144. Let r = 201 + a. Let d = r - 10. Is d a prime number?
True
Suppose 0 = -m - m + 10. Let x(v) = v**2 - 2*v - 6. Let u be x(m). Suppose -2*b + u = -11. Is b a prime number?
False
Let x = 0 + 44. Let l be x/(-3)*(-3)/(-2). Let f = 71 + l. Is f composite?
True
Suppose 15 = 4*n + n. Suppose -n*i = 2*i + 20. Is (62/i)/(2/(-4)) composite?
False
Let q(u) = u**2 - 9*u - 5. Let a be q(10). Suppose -3*z = -a*z - 4. Is (-26)/(-4) + z/4 composite?
True
Suppose -l = -2, 0*g - 2*g - l + 510 = 0. Let q = g - 161. Is q a prime number?
False
Let r be ((-18)/12)/(3/4). Let w be r/9 - 155/(-9). Suppose -2*l + 5 = -w. Is l a prime number?
True
Let g(u) = 6*u**2 - u + u**3 - 8*u + 3*u + 10. Is g(-7) a composite number?
False
Let n = 10 + -7. Suppose 2*j - 2 = -3*w - 8, -12 = -n*w + 4*j. Is 10 + 0/(1 + w) prime?
False
Let u(s) be the first derivative of -17*s**2/2 + 9*s - 2. Let g(m) = 4*m - 2. Let n(y) = -9*g(y) - 2*u(y). Is n(-3) a composite number?
True
Let w = -581 + 902. Let z = w + -110. Is z composite?
False
Suppose 7*d = 4*d + 6. Suppose 0 = -4*c + d*c + 430. Is c prime?
False
Let d(x) = -46*x - 23. Is d(-7) a composite number?
True
Suppose 28 = q - 3. Suppose -2*o - w + 7 = -2*w, -o = 5*w - q. Is o composite?
True
Suppose 18 = 2*q + 4*g - 168, 0 = 2*q - 2*g - 168. Suppose 2*o + q = 3*o. Is o composite?
True
Suppose 0 = 4*t + 8. Let u(y) = 5*y**2 + y. Let i be u(t). Suppose 2*g - i = -0*g. Is g a composite number?
True
Suppose 4*x = 6*x. Let w = 233 - 133. Suppose x = q - 5*q + w. Is q composite?
True
Let q be -2*1*1 - -5. Let a(s) = s**q - s**2 - 3*s + 5*s**2 + 7 - 6. Is a(-4) a composite number?
False
Suppose -2*h + 2204 = 4*q, 5*h + 573 = q - 0*h. Is q a composite number?
True
Suppose -5*u + 4 + 11 = 0. Suppose -2*c + c - 2*g + 466 = 0, u*g = -9. Suppose -3*m - 109 = -c. Is m composite?
True
Let w(r) = 4*r**2 - 1. Suppose 4 - 2 = 2*g. Let p be w(g). Suppose -f = -4*u - 29, 5*f - p*u = 8*f - 102. Is f composite?
True
Let d(p) = p**3 + 9*p**2 + 3*p - 4. Let o be d(-4). Let q = o - 11. Is q composite?
False
Let o(m) = -3*m + 6. Let x(s) = -s + 2. Let k(d) = -3*o(d) + 8*x(d). Let j be k(6). Is j/10 + (-28)/(-5) a composite number?
True
Suppose 2*u - 99 - 27 = 0. Let s = 4 + u. Is s a composite number?
False
Let r be 1/2 - (-2)/(-4). Suppose 5*c + 2*f - 215 = -f, r = c + f - 43. Is c a composite number?
False
Suppose 1210 = 4*p - 2*v, p + 63 = -v + 373. Is p prime?
False
Is (3 + 0 + -1)*25103/26 a composite number?
False
Suppose 17*v - 8*v = 98721. Is v a composite number?
True
Suppose 8*x - 7835 = 3*x. Is x a composite number?
False
Let m(l) = -l**3 - 2*l + 4. Let o be m(-5). Let z = 72 + o. Is z prime?
True
Suppose 0 = 5*g - 5*z, 5*g - z + 6*z - 20 = 0. Suppose 0 = -2*v + 12 - g. Suppose -4 = a, -2*u - 4 = v*a + 4. Is u prime?
False
Suppose 5*l - 2851 = 1839. Let s be 4/(-5 - -1)*633. Let q = s + l. Is q a composite number?
True
Let m(p) = -1. Let q(x) = -14*x**2 + 3*x + 10. Let y(u) = -6*m(u) - q(u). Is y(3) a composite number?
False
Let c(s) = 203*s**2 - 15*s - 1. Is c(-4) prime?
True
Let t(a) = -9*a**3 - a**2 - 7. Is t(-4) a prime number?
False
Suppose -x = -1 + 3. Is 59 - ((-6)/x - 2) prime?
False
Let w(y) be the second derivative of -y**5/20 + y**4/4 + 2*y**3/3 - y**2 - 4*y. Is w(3) prime?
False
Let d(b) = 6*b - 9. Let m be ((-1)/(-2))/((-3)/(-6)). Suppose -x = m - 8. Is d(x) composite?
True
Let w = 24 - -13. Is w a composite number?
False
Let q(x) = x + 10. Let d be q(-6). Suppose -d*r = 4, 28 = 2*t + 2*r - 324. Suppose t = 4*f + 5. Is f composite?
False
Let o = 26 + 185. Is o a prime number?
True
Suppose -2*m + 247 = -m. Is m a composite number?
True
Let l = 3055 - 1614. Is l a composite number?
True
Let z = -1133 + 2022. Is z a composite number?
True
Let s(l) = 5*l**2 + 2. Let z(o) = -6*o**2 - o - 3. Let p(j) = 3*s(j) + 2*z(j). Is p(-3) a composite number?
True
Suppose 192 = 7*x + 31. Is x a prime number?
True
Suppose 7*f = 5*f + 24. Suppose 394 = 2*r - f. Is r prime?
False
Is 4/((-168)/(-28259)) + 2/12 a prime number?
True
Suppose 3*p - 763 = 2405. Suppose 4*u = 4*b + p, -3*u + 598 + 159 = 4*b. Is u prime?
False
Suppose 2*g + 7 = -7. Let d(r) = r**3 + 8*r**2 - 7*r - 5. Is d(g) composite?
True
Let s be 5800/12 - 1/3. Suppose s = 4*w - y - 228, w - 173 = 5*y. Suppose 3*g - w = g. Is g a prime number?
True
Suppose 14*k - 10*k + 28 = 0. Is 13*(k/(-1) + 0) composite?
True
Suppose b - 36 = -3*b. Let t(g) = 29*g - 4. Is t(b) prime?
True
Let j = 2437 - 660. Is j a composite number?
False
Let s = 315 + -220. Is s a composite number?
True
Let x be (-1)/(-2) + (-1485)/10. Let o = -79 - x. Is o prime?
False
Let g(a) = -a**3 - 3*a**2 - 4*a - 8. Is g(-5) prime?
False
Is 2/(-19) - (-141665)/551 a prime number?
Tr